se
Does 5 divide 35700?
True
Is 252 a factor of 44887?
False
Is 13 a factor of 8150?
False
Is 17708 a multiple of 25?
False
Is 2368 a multiple of 29?
False
Does 18 divide 9450?
True
Does 14 divide 1666?
True
Is 98 a factor of 1464?
False
Is 1418 a multiple of 53?
False
Is 3710 a multiple of 10?
True
Is 120603 a multiple of 12?
False
Is 481 a multiple of 6?
False
Is 47462 a multiple of 38?
True
Is 62 a factor of 744?
True
Does 49 divide 1930?
False
Does 109 divide 4469?
True
Is 57 a factor of 11799?
True
Is 7668 a multiple of 12?
True
Is 6136 a multiple of 8?
True
Is 84816 a multiple of 228?
True
Does 11 divide 1265?
True
Does 18 divide 670?
False
Does 4 divide 4436?
True
Does 22 divide 5491?
False
Does 68 divide 68?
True
Does 81 divide 7460?
False
Is 43920 a multiple of 80?
True
Is 12 a factor of 233?
False
Is 11 a factor of 110?
True
Is 25 a factor of 3353?
False
Is 2340 a multiple of 13?
True
Is 10686 a multiple of 137?
True
Is 1581 a multiple of 31?
True
Is 19 a factor of 18379?
False
Is 15997 a multiple of 11?
False
Is 10 a factor of 207?
False
Is 682 even?
True
Is 1213 a multiple of 26?
False
Does 22 divide 5016?
True
Is 1371 a multiple of 80?
False
Is 2257 a multiple of 39?
False
Is 9 a factor of 1269?
True
Does 122 divide 18544?
True
Is 8 a factor of 1141?
False
Is 11 a factor of 49082?
True
Is 3 a factor of 132?
True
Is 975 a multiple of 75?
True
Is 81 a factor of 42930?
True
Is 903 a multiple of 21?
True
Is 72 a factor of 34134?
False
Is 45 a factor of 180?
True
Is 9120 a multiple of 20?
True
Does 7 divide 24682?
True
Is 33 a factor of 317?
False
Is 9 a factor of 23872?
False
Is 71 a multiple of 42?
False
Does 58 divide 16586?
False
Is 32 a factor of 3157?
False
Is 7 a factor of 61?
False
Is 483 a multiple of 23?
True
Is 68 a factor of 680?
True
Is 2 a factor of 8973?
False
Does 10 divide 1283?
False
Does 335 divide 52595?
True
Is 2070 a multiple of 18?
True
Does 10 divide 6985?
False
Is 335 a factor of 90785?
True
Is 24 a factor of 318?
False
Does 43 divide 43836?
False
Does 10 divide 972?
False
Is 3 a factor of 474?
True
Is 22 a factor of 8492?
True
Does 68 divide 2772?
False
Is 35070 a multiple of 70?
True
Is 4779 a multiple of 96?
False
Does 98 divide 12544?
True
Is 56 a factor of 26893?
False
Is 1995 a multiple of 15?
True
Is 9 a factor of 2879?
False
Is 28 a factor of 8387?
False
Is 306 a factor of 918?
True
Does 17 divide 17604?
False
Is 3 a factor of 87?
True
Is 1657 a multiple of 29?
False
Is 20026 a multiple of 62?
True
Does 364 divide 16262?
False
Is 258 a multiple of 20?
False
Is 7004 a multiple of 4?
True
Does 10 divide 209?
False
Is 12 a factor of 7728?
True
Is 9 a factor of 889?
False
Is 7 a factor of 763?
True
Is 411 a multiple of 52?
False
Is 804 a multiple of 20?
False
Does 50 divide 488?
False
Does 22 divide 111?
False
Is 7 a factor of 1021?
False
Is 40 a factor of 19832?
False
Is 15 a factor of 91?
False
Is 28 a factor of 393?
False
Does 156 divide 7672?
False
Is 4930 a multiple of 2?
True
Is 6 a factor of 35?
False
Does 8 divide 32?
True
Does 18 divide 9298?
False
Does 35 divide 1645?
True
Is 81 even?
False
Does 11 divide 30998?
True
Is 12 a factor of 21888?
True
Is 13 a factor of 36898?
False
Does 86 divide 7523?
False
Is 669 a multiple of 6?
False
Is 20 a factor of 302?
False
Is 728 a multiple of 29?
False
Is 238 a multiple of 14?
True
Is 63 a factor of 1638?
True
Does 13 divide 71?
False
Is 14736 a multiple of 24?
True
Is 133 a factor of 10820?
False
Is 2 a factor of 555?
False
Does 5 divide 488?
False
Is 7 a factor of 306?
False
Does 21 divide 3740?
False
Is 11 a factor of 2211?
True
Is 5 a factor of 226?
False
Is 5 a factor of 27564?
False
Does 16 divide 5045?
False
Does 60 divide 49298?
False
Does 99 divide 396?
True
Is 53 a factor of 2700?
False
Does 4 divide 85?
False
Is 35 a factor of 14140?
True
Is 19090 a multiple of 10?
True
Is 5549 a multiple of 31?
True
Does 19 divide 2250?
False
Does 81 divide 41841?
False
Is 25 a factor of 14475?
True
Is 5 a factor of 222?
False
Does 17 divide 146?
False
Is 60123 a multiple of 8?
False
Is 89 a factor of 14596?
True
Is 9755 a multiple of 16?
False
Is 71 a factor of 355?
True
Is 8 a factor of 7544?
True
Is 2 a factor of 8330?
True
Does 20 divide 1006?
False
Is 13 a factor of 21782?
False
Is 3 a factor of 732?
True
Is 113 a multiple of 113?
True
Is 13 a factor of 74773?
False
Is 80 a factor of 2560?
True
Is 66 a factor of 3366?
True
Is 6310 a multiple of 108?
False
Is 74 a factor of 1776?
True
Is 140 a factor of 28140?
True
Is 60916 a multiple of 314?
True
Is 19 a factor of 867?
False
Does 218 divide 654?
True
Does 16 divide 260?
False
Is 98 a factor of 119268?
False
Is 16137 a multiple of 35?
False
Does 65 divide 1235?
True
Is 4256 a multiple of 22?
False
Is 13 a factor of 1161?
False
Is 9 a factor of 306?
True
Does 2 divide 9?
False
Does 28 divide 2581?
False
Is 6 a factor of 588?
True
Is 9 a factor of 29430?
True
Is 135 even?
False
Does 7 divide 1152?
False
Does 19 divide 119282?
True
Is 2589 a multiple of 2?
False
Is 76 a factor of 13423?
False
Does 39 divide 3322?
False
Is 23 a factor of 105?
False
Does 12 divide 72?
True
Is 18 a factor of 7128?
True
Is 95 a factor of 950?
True
Is 238 a multiple of 17?
True
Is 3104 a multiple of 16?
True
Is 90 a factor of 409?
False
Is 663 a multiple of 51?
True
Is 35 a factor of 5180?
True
Is 14 a factor of 1666?
True
Does 24 divide 216?
True
Is 22502 a multiple of 32?
False
Is 1188 a multiple of 44?
True
Does 10 divide 5910?
True
Is 1590 a multiple of 51?
False
Does 6 divide 234?
True
Does 38 divide 4778?
False
Is 4 a factor of 230?
False
Is 7749 a multiple of 27?
True
Does 61 divide 53093?
False
Is 264 a multiple of 26?
False
Is 314 a multiple of 157?
True
Does 9 divide 47799?
True
Does 5 divide 1520?
True
Does 25 divide 40950?
True
Does 8 divide 179?
False
Does 28 divide 1792?
True
Does 12 divide 1775?
False
Does 13 divide 857?
False
Is 219 a factor of 4539?
False
Does 15 divide 990?
True
Is 271 a multiple of 28?
False
Is 23 a factor of 345?
True
Is 3654 a multiple of 29?
True
Is 3169 a multiple of 30?
False
Is 170 a multiple of 2?
True
Does 35 divide 840?
True
Does 6 divide 4020?
True
Is 343 a multiple of 2?
False
Does 4 divide 13510?
False
Is 77 a factor of 770?
True
Does 19 divide 6889?
False
Is 26952 a multiple of 24?
True
Is 4574 a multiple of 21?
False
Is 130 a factor of 5437?
False
Does 10 divide 1778?
False
Is 251 a factor of 16566?
True
Does 37 divide 222?
True
Does 15 divide 30?
True
Does 78 divide 1146?
False
Is 6 a factor of 414?
True
Is 1090 a multiple of 19?
False
Is 324 a factor of 78084?
True
Does 34 divide 26214?
True
Is 13 a factor of 23192?
True
Does 2 divide 892?
True
Is 6433 a multiple of 7?
True
Is 7 a factor of 38?
False
Is 3001 a multiple of 7?
False
Does 17 divide 5729?
True
Does 67 divide 15477?
True
Is 140 a factor of 18552?
False
Is 71 a factor of 1846?
True
Does 121 divide 61347?
True
Does 104 divide 1768?
True
Is 404 a multiple of 3?
False
Is 60 a multiple of 4?
True
Does 8 divide 360?
True
Is 50 a factor of 357?
False
Does 19 divide 1903?
False
Is 2146 a multiple of 37?
True
Is 2 a factor of 103?
False
Is 29 a factor of 35668?
False
Is 38450 a multiple of 80?
False
Does 36 divide 1104?
False
Is 42 a multiple of 5?
False
Does 39 divide 14976?
True
Is 14 a factor of 114?
False
Is 10 a factor of 840?
True
Is 2539 a multiple of 11?
False
Is 25 a factor of 1582?
False
Is 41 a factor of 1378?
False
Does 254 divide 9821?
False
Is 254 a multiple of 10?
False
Does 135 divide 19149?
False
Is 19 a factor of 108?
False
Does 82 divide 2348?
False
Does 3 divide 83?
False
Is 9450 a multiple of 6?
True
Is 3510 a multiple of 12?
False
Is 18421 a multiple of 146?
False
Is 20 a factor of 500?
True
Does 4 divide 1677?
False
Does 40 divide 1080?
True
Is 19 a factor of 570?
True
Does 86 divide 310?
False
Is 13611 a multiple of 19?
False
Is 232 a multiple of 8?
True
Is 14 a factor of 1476?
False
Is 5 a factor of 648?
False
Does 9 divide 1377?
True
Does 20 divide 780?
True
Is 37 a factor of 51666?
False
Is 168 a multiple of 15?
False
Is 5 a factor of 850?
True
Is 298 a multiple of 10?
False
Does 17 divide 2331?
False
Is 16 a factor of 3536?
True
Does 54 divide 26460?
True
Is 8901 a multiple of 9?
True
Is 31561 a m